 the remainder when 5 is divided by 1?
0
What is the remainder when 57 is divided by 31?
26
What is the remainder when 97 is divided by 8?
1
What is the remainder when 125 is divided by 51?
23
Calculate the remainder when 304 is divided by 79.
67
Calculate the remainder when 41 is divided by 11.
8
What is the remainder when 278 is divided by 71?
65
Calculate the remainder when 1023 is divided by 13.
9
Calculate the remainder when 17999 is divided by 48.
47
Calculate the remainder when 24 is divided by 18.
6
Calculate the remainder when 1768 is divided by 88.
8
Calculate the remainder when 12371 is divided by 39.
8
Calculate the remainder when 4176 is divided by 190.
186
Calculate the remainder when 2456 is divided by 613.
4
What is the remainder when 387 is divided by 98?
93
Calculate the remainder when 226 is divided by 23.
19
What is the remainder when 15702 is divided by 66?
60
Calculate the remainder when 1042 is divided by 105.
97
Calculate the remainder when 152 is divided by 32.
24
What is the remainder when 94 is divided by 58?
36
Calculate the remainder when 1057 is divided by 78.
43
What is the remainder when 4089 is divided by 21?
15
Calculate the remainder when 748 is divided by 75.
73
What is the remainder when 3238 is divided by 18?
16
Calculate the remainder when 661 is divided by 294.
73
What is the remainder when 182 is divided by 28?
14
What is the remainder when 818 is divided by 185?
78
Calculate the remainder when 148 is divided by 76.
72
What is the remainder when 4848 is divided by 50?
48
Calculate the remainder when 104 is divided by 45.
14
What is the remainder when 234 is divided by 59?
57
Calculate the remainder when 463 is divided by 151.
10
What is the remainder when 22 is divided by 11?
0
Calculate the remainder when 712 is divided by 4.
0
Calculate the remainder when 300 is divided by 77.
69
Calculate the remainder when 459 is divided by 221.
17
What is the remainder when 2256 is divided by 2235?
21
Calculate the remainder when 498 is divided by 27.
12
What is the remainder when 105 is divided by 6?
3
Calculate the remainder when 687 is divided by 337.
13
What is the remainder when 2696 is divided by 150?
146
Calculate the remainder when 125 is divided by 70.
55
Calculate the remainder when 55 is divided by 19.
17
Calculate the remainder when 150 is divided by 54.
42
Calculate the remainder when 367 is divided by 133.
101
Calculate the remainder when 2410 is divided by 161.
156
What is the remainder when 1251 is divided by 269?
175
What is the remainder when 148 is divided by 123?
25
What is the remainder when 2607 is divided by 58?
55
Calculate the remainder when 238 is divided by 50.
38
What is the remainder when 266 is divided by 32?
10
What is the remainder when 270 is divided by 91?
88
Calculate the remainder when 76 is divided by 41.
35
What is the remainder when 10772 is divided by 63?
62
Calculate the remainder when 1410 is divided by 293.
238
Calculate the remainder when 1200 is divided by 29.
11
What is the remainder when 112 is divided by 33?
13
Calculate the remainder when 903 is divided by 69.
6
Calculate the remainder when 281 is divided by 47.
46
Calculate the remainder when 107 is divided by 38.
31
What is the remainder when 122 is divided by 11?
1
What is the remainder when 1461 is divided by 43?
42
Calculate the remainder when 1650 is divided by 274.
6
What is the remainder when 987 is divided by 83?
74
What is the remainder when 104 is divided by 8?
0
Calculate the remainder when 15518 is divided by 21.
20
Calculate the remainder when 898 is divided by 17.
14
Calculate the remainder when 2221 is divided by 16.
13
Calculate the remainder when 236 is divided by 20.
16
What is the remainder when 384 is divided by 130?
124
Calculate the remainder when 5325 is divided by 184.
173
Calculate the remainder when 8 is divided by 2.
0
Calculate the remainder when 248 is divided by 32.
24
Calculate the remainder when 1020 is divided by 11.
8
Calculate the remainder when 26237 is divided by 164.
161
Calculate the remainder when 279 is divided by 24.
15
What is the remainder when 3371 is divided by 36?
23
Calculate the remainder when 322 is divided by 36.
34
What is the remainder when 1442 is divided by 180?
2
Calculate the remainder when 268 is divided by 9.
7
Calculate the remainder when 40 is divided by 17.
6
What is the remainder when 3556 is divided by 45?
1
What is the remainder when 439 is divided by 17?
14
What is the remainder when 3793 is divided by 13?
10
Calculate the remainder when 569 is divided by 21.
2
Calculate the remainder when 1469 is divided by 474.
47
What is the remainder when 124 is divided by 42?
40
What is the remainder when 1089 is divided by 137?
130
What is the remainder when 3278 is divided by 92?
58
Calculate the remainder when 1749 is divided by 175.
174
What is the remainder when 2599 is divided by 52?
51
Calculate the remainder when 171 is divided by 88.
83
What is the remainder when 175 is divided by 32?
15
What is the remainder when 150 is divided by 33?
18
Calculate the remainder when 16 is divided by 6.
4
What is the remainder when 9726 is divided by 70?
66
Calculate the remainder when 35 is divided by 13.
9
What is the remainder when 53 is divided by 29?
24
What is the remainder when 25477 is divided by 8?
5
Calculate the remainder when 591 is divided by 151.
138
What is the remainder when 3428 is divided by 7?
5
What is the remainder when 190 is divided by 65?
60
What is the remainder when 76 is divided by 62?
14
Calculate the remainder when 304 is divided by 98.
10
What is the remainder when 762 is divided by 51?
48
Calculate the remainder when 3646 is divided by 728.
6
What is the remainder when 485 is divided by 54?
53
Calculate the remainder when 37 is divided by 34.
3
What is the remainder when 645 is divided by 168?
141
Calculate the remainder when 42 is divided by 32.
10
Calculate the remainder when 494 is divided by 156.
26
Calculate the remainder when 317 is divided by 105.
2
Calculate the remainder when 741 is divided by 9.
3
What is the remainder when 65 is divided by 8?
1
Calculate the remainder when 2574 is divided by 30.
24
Calculate the remainder when 2703 is divided by 28.
15
Calculate the remainder when 190 is divided by 16.
14
Calculate the remainder when 1162 is divided by 363.
73
Calculate the remainder when 1598 is divided by 50.
48
What is the remainder when 7904 is divided by 51?
50
Calculate the remainder when 221 is divided by 61.
38
What is the remainder when 91 is divided by 15?
1
What is the remainder when 1538 is divided by 423?
269
Calculate the remainder when 110 is divided by 70.
40
Calculate the remainder when 84 is divided by 22.
18
Calculate the remainder when 102 is divided by 52.
50
Calculate the remainder when 4755 is divided by 13.
10
Calculate the remainder when 62 is divided by 11.
7
What is the remainder when 248 is divided by 14?
10
What is the remainder when 1099 is divided by 41?
33
Calculate the remainder when 2277 is divided by 18.
9
What is the remainder when 3238 is divided by 40?
38
What is the remainder when 1044 is divided by 55?
54
Calculate the remainder when 1016 is divided by 18.
8
Calculate the remainder when 226 is divided by 105.
16
What is the remainder when 2255 is divided by 48?
47
What is the remainder when 276 is divided by 182?
94
What is the remainder when 1137 is divided by 38?
35
Calculate the remainder when 3304 is divided by 1652.
0
What is the remainder when 58 is divided by 31?
27
Calculate the remainder when 241 is divided by 39.
7
What is the remainder when 164 is divided by 51?
11
Calculate the remainder when 249 is divided by 126.
123
Calculate the remainder when 1283 is divided by 25.
8
What is the remainder when 2904 is divided by 83?
82
Calculate the remainder when 143 is divided by 113.
30
What is the remainder when 257 is divided by 175?
82
Calculate the remainder when 392 is divided by 73.
27
Calculate the remainder when 232 is divided by 34.
28
What is the remainder when 577 is divided by 58?
55
Calculate the remainder when 933 is divided by 104.
101
What is the remainder when 228 is divided by 23?
21
Calculate the remainder when 2994 is divided by 748.
2
What is the remainder when 